{"id":156,"date":"2021-10-15T14:48:37","date_gmt":"2021-10-15T11:48:37","guid":{"rendered":"https:\/\/validmuistihoito.fi\/?page_id=156"},"modified":"2022-07-03T11:41:55","modified_gmt":"2022-07-03T08:41:55","slug":"ilosta-ja-musiikista","status":"publish","type":"page","link":"https:\/\/validmuistihoito.fi\/?page_id=156","title":{"rendered":"Ilosta ja musiikista"},"content":{"rendered":"\n<p><strong>ILOSTA JA MUSIIKISTA<\/strong>&#8211; palvelu kotik\u00e4ynneill\u00e4, hoivakotik\u00e4ynneill\u00e4, ryhmiss\u00e4, tapahtumissa, kerhoissa ja juhlissa.<br> Saattohoitotilanteisiin,\u00a0muistotilaisuuksiin ja hautajaisiinpalvelumme tilattavissa.<br><\/p>\n\n\n\n<p>Musiikin vaikutukset ja edut ovat mm. ilon ja surun, kaipauksen, onnellisuuden tunteiden kokeminen, musiikin kuuntelun tuomat muistot, rentoutuksen mahdollisuudet, tunteiden her\u00e4tt\u00e4minen ja kokeminen, kivun lievitys, lohdutus, ihmisi\u00e4 yhdist\u00e4v\u00e4 kokemus- yhdess\u00e4 laulaminen, mielihyv\u00e4n tunteiden lis\u00e4\u00e4ntyminen, voimaannuttaminen, liikunnan yhdist\u00e4minen musiikkiin, osallisuuden kokeminen, jne.<\/p>\n\n\n\n<p>Tutkitun tiedon valossa musiikki kuntouttaa mm. aivoinfarktin j\u00e4lkeen. Musiikki ja rytmi tulee liikkumista ja k\u00e4vely\u00e4. Auttaa rytmitt\u00e4m\u00e4\u00e4n liikett\u00e4. <br>Jokaiselle voi l\u00f6yty\u00e4 oma mielimusiikki- ja laulu tai keino hy\u00f6dynt\u00e4\u00e4 musiikin etuja el\u00e4m\u00e4nlaadun mahdollistajana.<\/p>\n\n\n\n<p>K\u00e4yt\u00e4n musiikkia l\u00e4hes jokaisella koti- ja hoivakotik\u00e4ynnill\u00e4, koska laulun\/ laulamisen ja musiikin avulla on helppo saada yhteys, jopa vaikeassa vaiheessa el\u00e4v\u00e4n muistisairaan ihmisen kohdalla. Musiikki yhdist\u00e4\u00e4 ja vahvistaa yhdess\u00e4oloa.<br>Hinta 66e\/h kotitalousv\u00e4hennyksen j\u00e4lkeen 24e\/h. Ryhm\u00e4toiminta 70\u20ac\/ 1,5h.<\/p>\n","protected":false},"excerpt":{"rendered":"<p>ILOSTA JA MUSIIKISTA&#8211; palvelu kotik\u00e4ynneill\u00e4, hoivakotik\u00e4ynneill\u00e4, ryhmiss\u00e4, tapahtumissa, kerhoissa ja juhlissa. Saattohoitotilanteisiin,\u00a0muistotilaisuuksiin ja hautajaisiinpalvelumme tilattavissa. Musiikin vaikutukset ja edut ovat mm. ilon ja surun, kaipauksen, onnellisuuden tunteiden kokeminen, musiikin kuuntelun tuomat muistot, rentoutuksen mahdollisuudet, tunteiden her\u00e4tt\u00e4minen ja kokeminen, kivun lievitys, lohdutus, ihmisi\u00e4 yhdist\u00e4v\u00e4 kokemus- yhdess\u00e4 laulaminen, mielihyv\u00e4n tunteiden lis\u00e4\u00e4ntyminen, voimaannuttaminen, liikunnan yhdist\u00e4minen musiikkiin, osallisuuden kokeminen, &hellip;<\/p>\n<p class=\"read-more\"> <a class=\"\" href=\"https:\/\/validmuistihoito.fi\/?page_id=156\"> <span class=\"screen-reader-text\">Ilosta ja musiikista<\/span> Lue lis\u00e4\u00e4 &raquo;<\/a><\/p>\n","protected":false},"author":1,"featured_media":157,"parent":0,"menu_order":3,"comment_status":"closed","ping_status":"closed","template":"","meta":{"site-sidebar-layout":"default","site-content-layout":"default","ast-global-header-display":"","ast-banner-title-visibility":"","ast-main-header-display":"","ast-hfb-above-header-display":"","ast-hfb-below-header-display":"","ast-hfb-mobile-header-display":"","site-post-title":"","ast-breadcrumbs-content":"","ast-featured-img":"","footer-sml-layout":"","theme-transparent-header-meta":"default","adv-header-id-meta":"","stick-header-meta":"","header-above-stick-meta":"","header-main-stick-meta":"","header-below-stick-meta":"","footnotes":""},"_links":{"self":[{"href":"https:\/\/validmuistihoito.fi\/index.php?rest_route=\/wp\/v2\/pages\/156"}],"collection":[{"href":"https:\/\/validmuistihoito.fi\/index.php?rest_route=\/wp\/v2\/pages"}],"about":[{"href":"https:\/\/validmuistihoito.fi\/index.php?rest_route=\/wp\/v2\/types\/page"}],"author":[{"embeddable":true,"href":"https:\/\/validmuistihoito.fi\/index.php?rest_route=\/wp\/v2\/users\/1"}],"replies":[{"embeddable":true,"href":"https:\/\/validmuistihoito.fi\/index.php?rest_route=%2Fwp%2Fv2%2Fcomments&post=156"}],"version-history":[{"count":8,"href":"https:\/\/validmuistihoito.fi\/index.php?rest_route=\/wp\/v2\/pages\/156\/revisions"}],"predecessor-version":[{"id":482,"href":"https:\/\/validmuistihoito.fi\/index.php?rest_route=\/wp\/v2\/pages\/156\/revisions\/482"}],"wp:featuredmedia":[{"embeddable":true,"href":"https:\/\/validmuistihoito.fi\/index.php?rest_route=\/wp\/v2\/media\/157"}],"wp:attachment":[{"href":"https:\/\/validmuistihoito.fi\/index.php?rest_route=%2Fwp%2Fv2%2Fmedia&parent=156"}],"curies":[{"name":"wp","href":"https:\/\/api.w.org\/{rel}","templated":true}]}}