{"id":199,"date":"2022-02-28T19:55:19","date_gmt":"2022-02-28T17:55:19","guid":{"rendered":"https:\/\/validmuistihoito.fi\/?page_id=199"},"modified":"2024-09-14T12:28:13","modified_gmt":"2024-09-14T09:28:13","slug":"palvelut-ja-hinnasto","status":"publish","type":"page","link":"https:\/\/validmuistihoito.fi\/?page_id=199","title":{"rendered":"Palveluhinnasto"},"content":{"rendered":"\n<style>\n\ntable {\n  border-collapse: collapse;\n  width: 100%;\nfont-size:17px;\nbox-shadow: 10px 10px 5px grey;\n}\n\ntd, th {\n  border: 1px solid #dddddd;\n  text-align: left;\n  padding: 8px;\n}\n\ntr:nth-child(even) {\n  background-color: #dddddd;\n}\n\n<\/style>\n\n<table>\n  <tbody><tr>\n    <td>Koulutukset<\/td>\n    <td>Hinta alkaen 520\u20ac + alv. 4h<\/td>\n  <\/tr>\n<tr>\n    <td>Et\u00e4koulutus ryhm\u00e4lle<\/td>\n    <td>4h, max. 15 osallistujaa. Lis\u00e4maksusta lis\u00e4henkil\u00f6t.\nHinta: 650\u20ac, lis\u00e4t\u00e4\u00e4n alv.<br>\n8h, max 20 osallistujaa. Lis\u00e4maksusta lis\u00e4henkil\u00f6t. Hinta: 1200\u20ac, lis\u00e4t\u00e4\u00e4n alv.<br>\nHinta sis\u00e4lt\u00e4\u00e4 kirjalliset materiaalit, jotka l\u00e4het\u00e4n etuk\u00e4teen koulutuksen tilaajalle.<\/td>\n  <\/tr>\n<tr>\n    <td>L\u00e4hikoulutukset ryhm\u00e4lle<\/td>\n    <td>4h, max. 15 osallistujaa. Lis\u00e4maksusta lis\u00e4henkil\u00f6t.\nHinta: 750\u20ac, lis\u00e4t\u00e4\u00e4n alv.<br>\n8h, max. 20 osallistujaa. Lis\u00e4maksusta lis\u00e4henkil\u00f6t. Hinta: 1500\u20ac, lis\u00e4t\u00e4\u00e4n alv.<br>\n\nMatkakulut sovitaan matkan pituudesta riippuen erikseen.<\/td>\n  <\/tr>\n  <tr>\n    <td>Ohjaus ja tuki<\/td>\n    <td>Hinta alk. 60\u20ac\/h<br> Kotitalousv\u00e4hennyksen j\u00e4lkeen 24\u20ac<\/td>\n  <\/tr>\n  <tr>\n    <td>Keskusteluterapia, kognitiivinen lyhytterapia<\/td>\n    <td>Hinta alk. 70\u20ac\/60 min<\/td>\n  <\/tr>\n  <tr>\n    <td>Ryhmien ohjaus ja luennot<\/td>\n    <td>Hinta alk. 75\u20ac + alv. 1.5h<\/td>\n  <\/tr>\n  <tr>\n    <td>Omaishoitajan vapaan j\u00e4rjest\u00e4minen<\/td>\n    <td>Hinta alk. 60\u20ac\/h<br> Lis\u00e4t\u00e4\u00e4n matkakulut k\u00e4ytetyn ajan mukaan <br> Sopimus tehd\u00e4\u00e4n yhteisty\u00f6ss\u00e4 aina l\u00e4heisten kanssa <br> Sopimusta  muotoillaan tilanteiden muuttuessa aina yksil\u00f6llisesti<br>sunnuntain palvelun hinta: 82\u20ac\/h. klo 8-18. Korvaus 85\u20ac klo 18 j\u00e4lkeen.<br>Kotitalousv\u00e4hennyksen mahdollisuus 60%  verotuksessa.<\/td>\n  <\/tr>\n  <tr>\n    <td>Ilosta ja musiikista &#8211; palvelu<\/td>\n    <td>Hinta alk. 66\u20ac\/h<br> Kotitalousv\u00e4hennyksen j\u00e4lkeen 24\u20ac\/h<br> Ryhm\u00e4toiminta 70\u20ac\/1.5h<\/td>\n  <\/tr>\n  <tr>\n    <td>Hoivakotik\u00e4ynnit<\/td>\n    <td>Hinta alk. 60\u20ac<br> Kotitalousv\u00e4hennyksen j\u00e4lkeen 24\u20ac.<\/td>\n  <\/tr>\n  <tr>\n    <td>Palvelupaketit<\/td>\n    <td>Hinta alk. 96\u20ac\/kk kotitalousv\u00e4hennyksen j\u00e4lkeen<br> Sis\u00e4lt\u00e4\u00e4 4 k\u00e4yntikertaa kotitaloudessa tai hoivakodissa.<br> 240\u20ac ilman kotitalousv\u00e4hennyst\u00e4.<\/td>\n  <\/tr>\n<\/tbody><\/table>\n\n\n\n<h2 class=\"wp-block-heading\">Lis\u00e4tietoa kotitalousv\u00e4hennyksest\u00e4 l\u00f6ytyy verohallinnon sivuilta osoitteessa:<\/h2>\n\n\n\n<p><a href=\"https:\/\/www.vero.fi\/henkiloasiakkaat\/verokortti-ja-veroilmoitus\/tulot-ja-vahennykset\/kotitalousvahennys\/\">https:\/\/www.vero.fi\/henkiloasiakkaat\/verokortti-ja-veroilmoitus\/tulot-ja-vahennykset\/kotitalousvahennys\/<\/a><\/p>\n","protected":false},"excerpt":{"rendered":"<p>Koulutukset Hinta alkaen 520\u20ac + alv. 4h Et\u00e4koulutus ryhm\u00e4lle 4h, max. 15 osallistujaa. Lis\u00e4maksusta lis\u00e4henkil\u00f6t. Hinta: 650\u20ac, lis\u00e4t\u00e4\u00e4n alv. 8h, max 20 osallistujaa. Lis\u00e4maksusta lis\u00e4henkil\u00f6t. Hinta: 1200\u20ac, lis\u00e4t\u00e4\u00e4n alv. Hinta sis\u00e4lt\u00e4\u00e4 kirjalliset materiaalit, jotka l\u00e4het\u00e4n etuk\u00e4teen koulutuksen tilaajalle. L\u00e4hikoulutukset ryhm\u00e4lle 4h, max. 15 osallistujaa. Lis\u00e4maksusta lis\u00e4henkil\u00f6t. Hinta: 750\u20ac, lis\u00e4t\u00e4\u00e4n alv. 8h, max. 20 osallistujaa. Lis\u00e4maksusta &hellip;<\/p>\n<p class=\"read-more\"> <a class=\"\" href=\"https:\/\/validmuistihoito.fi\/?page_id=199\"> <span class=\"screen-reader-text\">Palveluhinnasto<\/span> Lue lis\u00e4\u00e4 &raquo;<\/a><\/p>\n","protected":false},"author":1,"featured_media":0,"parent":32,"menu_order":0,"comment_status":"closed","ping_status":"closed","template":"","meta":{"site-sidebar-layout":"default","site-content-layout":"default","ast-global-header-display":"","ast-banner-title-visibility":"","ast-main-header-display":"","ast-hfb-above-header-display":"","ast-hfb-below-header-display":"","ast-hfb-mobile-header-display":"","site-post-title":"","ast-breadcrumbs-content":"","ast-featured-img":"","footer-sml-layout":"","theme-transparent-header-meta":"default","adv-header-id-meta":"","stick-header-meta":"","header-above-stick-meta":"","header-main-stick-meta":"","header-below-stick-meta":"","footnotes":""},"_links":{"self":[{"href":"https:\/\/validmuistihoito.fi\/index.php?rest_route=\/wp\/v2\/pages\/199"}],"collection":[{"href":"https:\/\/validmuistihoito.fi\/index.php?rest_route=\/wp\/v2\/pages"}],"about":[{"href":"https:\/\/validmuistihoito.fi\/index.php?rest_route=\/wp\/v2\/types\/page"}],"author":[{"embeddable":true,"href":"https:\/\/validmuistihoito.fi\/index.php?rest_route=\/wp\/v2\/users\/1"}],"replies":[{"embeddable":true,"href":"https:\/\/validmuistihoito.fi\/index.php?rest_route=%2Fwp%2Fv2%2Fcomments&post=199"}],"version-history":[{"count":16,"href":"https:\/\/validmuistihoito.fi\/index.php?rest_route=\/wp\/v2\/pages\/199\/revisions"}],"predecessor-version":[{"id":567,"href":"https:\/\/validmuistihoito.fi\/index.php?rest_route=\/wp\/v2\/pages\/199\/revisions\/567"}],"up":[{"embeddable":true,"href":"https:\/\/validmuistihoito.fi\/index.php?rest_route=\/wp\/v2\/pages\/32"}],"wp:attachment":[{"href":"https:\/\/validmuistihoito.fi\/index.php?rest_route=%2Fwp%2Fv2%2Fmedia&parent=199"}],"curies":[{"name":"wp","href":"https:\/\/api.w.org\/{rel}","templated":true}]}}