{"id":33,"date":"2020-03-31T15:38:36","date_gmt":"2020-03-31T12:38:36","guid":{"rendered":"https:\/\/validmuistihoito.fi\/uusi\/?page_id=33"},"modified":"2022-06-07T14:36:43","modified_gmt":"2022-06-07T11:36:43","slug":"tietoja","status":"publish","type":"page","link":"https:\/\/validmuistihoito.fi\/?page_id=33","title":{"rendered":"Tietoja"},"content":{"rendered":"\n<h2 class=\"wp-block-heading\">Muistisairas, perhe ja kotikuntoutus<\/h2>\n\n\n\n<p>Ty\u00f6skentelen muistisairaan omassa toimintaymp\u00e4rist\u00f6ss\u00e4 eli asiakkaani\n kotona (hoivakodeissa, palvelukodeissa ja palvelukeskuksissa).<\/p>\n\n\n\n<p>Kiireett\u00f6m\u00e4ll\u00e4 l\u00e4sn\u00e4ololla ja yksil\u00f6llisell\u00e4 palvelulla voidaan vaikuttaa muistisairaan ihmisen el\u00e4m\u00e4nlaatuun ja hyvinvointiin.<\/p>\n\n\n\n<p>Perhe ja l\u00e4hipiiri ovat t\u00e4rke\u00e4ss\u00e4 osassa ja yhteisty\u00f6ss\u00e4 kanssani. \nMuistisairaan el\u00e4m\u00e4nkulku ja merkitt\u00e4v\u00e4t vaiheet h\u00e4nen el\u00e4ss\u00e4\u00e4n ovat \narvokkaita tietoja yhteisty\u00f6n kannalta. &nbsp;Aikaisempaa el\u00e4m\u00e4nhistoriaa \nvoidaan hy\u00f6dynt\u00e4\u00e4 validaatio- menetelm\u00e4ss\u00e4 \/kuntoutuksessa. \nIhmisl\u00e4ht\u00f6isyys on ty\u00f6ni keski\u00f6ss\u00e4. Asiakkaani on oman el\u00e4m\u00e4ns\u00e4 \np\u00e4\u00e4henkil\u00f6. Voimme luoda yhdess\u00e4 lis\u00e4\u00e4 el\u00e4m\u00e4\u00e4 h\u00e4nen el\u00e4m\u00e4\u00e4n.<\/p>\n\n\n\n<p>L\u00e4heiselle, oman vapaa-ajan j\u00e4rjest\u00e4minen. Voit asioida, virkisty\u00e4 ja k\u00e4ytt\u00e4\u00e4 omaa aikaasi haluamallasi tavalla.\u00a0<\/p>\n\n\n\n<h2 class=\"wp-block-heading\">Mit\u00e4 tarkoittaa validaatio?<\/h2>\n\n\n\n<p>Valid tarkoittaa kelpaavaa, sopivaa. Muistisairasta kunnioitetaan ja \narvostetaan juuri sellaisena ihmisen\u00e4 kuin h\u00e4n on. H\u00e4nell\u00e4 on arvokas ja\n ainutkertainen el\u00e4m\u00e4. Sairaudestaan johtuen h\u00e4n ei en\u00e4\u00e4 muista kaikkea \nkokemaansa. Tunteet ovat eritt\u00e4in voimakkaasti l\u00e4sn\u00e4. Muistisairaan \nilmaisemat tunteet otetaan huomioon ja pyrit\u00e4\u00e4n tavoittamaan kenties \nel\u00e4m\u00e4ss\u00e4\u00e4n keskenj\u00e4\u00e4neit\u00e4 asioita. Muistisairasta ei milloinkaan \nv\u00e4h\u00e4tell\u00e4 eik\u00e4 nolata. Muistisairas ei my\u00f6sk\u00e4\u00e4n tule lapseksi. H\u00e4n on \naikuinen ihminen, vanheneva ihminen, ik\u00e4ihminen tai vanhus. \nValidaatio-toimintamalli, TunteVa,&nbsp; on tunteen vahvistamista ja \narvostavaa kohtaamista.<\/p>\n\n\n\n<p>Validaatiomenetelm\u00e4 on mainittu K\u00e4yp\u00e4 hoito suosituksissa ja on \nl\u00e4\u00e4kkeet\u00f6n keino auttaa sek\u00e4 hoidettavaa ett\u00e4 hoitajaa yhteyden \nluomisessa.&nbsp;<\/p>\n\n\n\n<p>Validaation ja hyv\u00e4n hoidon (TunteVa-menetelm\u00e4n) avulla voidaan  yll\u00e4pit\u00e4\u00e4 ja kuntouttaa muistisairaan toimintakyky\u00e4 ja omatoimisuutta.  Teemme pieni\u00e4 kotiaskareita ja asiakkaalle t\u00e4rkeit\u00e4 asioita yhdess\u00e4.  Validaation avulla muistisairauden etenemist\u00e4 voidaan hidastaa.  Sanakatoa voidaan ennaltaehk\u00e4ist\u00e4 erilaisin harjoituksin. Muistelu ja siihen liittyv\u00e4t tunteet ja muistot lis\u00e4\u00e4v\u00e4t itsetuntoa. Yst\u00e4vien ja sukulaisten&nbsp;tapaamisiin ja harrastuksiin osallistuminen on osa hyv\u00e4\u00e4 arkea.<\/p>\n\n\n\n<h2 class=\"wp-block-heading\">Sopimus<\/h2>\n\n\n\n<p> Palvelupaketin ja yhteisty\u00f6sopimuksen suunnittelemme ja sovimme kirjallisesti aina yhdess\u00e4 asiakkaan l\u00e4heisen\/l\u00e4heisten (edunvalvojan) kanssa. <\/p>\n\n\n\n<ul><li> <strong><a rel=\"noreferrer noopener\" href=\"http:\/\/www.muistiliitto.fi\/fi\/etusivu\/\" target=\"_blank\">Muistiliitto<\/a><\/strong> <\/li><li> <strong><a rel=\"noreferrer noopener\" href=\"http:\/\/www.muistiasiantuntijat.fi\/?lang=fi\" target=\"_blank\">Suomen muistiasiantuntijat ry<\/a><\/strong> <\/li><li> <strong>Oulun seudun Muistiyhdistys ry<\/strong> <\/li><li> <strong><a rel=\"noreferrer noopener\" href=\"http:\/\/www.osol.fi\/\" target=\"_blank\">Oulun seudun omaishoitajat ja l\u00e4heiset ry<\/a><\/strong> <\/li><li> <strong>Tampereen kaupunkil\u00e4hetys ry, TunteVa-toimintamalli&nbsp;<\/strong> <\/li><\/ul>\n","protected":false},"excerpt":{"rendered":"<p>Muistisairas, perhe ja kotikuntoutus Ty\u00f6skentelen muistisairaan omassa toimintaymp\u00e4rist\u00f6ss\u00e4 eli asiakkaani kotona (hoivakodeissa, palvelukodeissa ja palvelukeskuksissa). Kiireett\u00f6m\u00e4ll\u00e4 l\u00e4sn\u00e4ololla ja yksil\u00f6llisell\u00e4 palvelulla voidaan vaikuttaa muistisairaan ihmisen el\u00e4m\u00e4nlaatuun ja hyvinvointiin. Perhe ja l\u00e4hipiiri ovat t\u00e4rke\u00e4ss\u00e4 osassa ja yhteisty\u00f6ss\u00e4 kanssani. Muistisairaan el\u00e4m\u00e4nkulku ja merkitt\u00e4v\u00e4t vaiheet h\u00e4nen el\u00e4ss\u00e4\u00e4n ovat arvokkaita tietoja yhteisty\u00f6n kannalta. &nbsp;Aikaisempaa el\u00e4m\u00e4nhistoriaa voidaan hy\u00f6dynt\u00e4\u00e4 validaatio- menetelm\u00e4ss\u00e4 \/kuntoutuksessa. &hellip;<\/p>\n<p class=\"read-more\"> <a class=\"\" href=\"https:\/\/validmuistihoito.fi\/?page_id=33\"> <span class=\"screen-reader-text\">Tietoja<\/span> Lue lis\u00e4\u00e4 &raquo;<\/a><\/p>\n","protected":false},"author":1,"featured_media":134,"parent":0,"menu_order":5,"comment_status":"closed","ping_status":"closed","template":"","meta":{"site-sidebar-layout":"default","site-content-layout":"default","ast-global-header-display":"","ast-banner-title-visibility":"","ast-main-header-display":"","ast-hfb-above-header-display":"","ast-hfb-below-header-display":"","ast-hfb-mobile-header-display":"","site-post-title":"","ast-breadcrumbs-content":"","ast-featured-img":"","footer-sml-layout":"","theme-transparent-header-meta":"default","adv-header-id-meta":"","stick-header-meta":"","header-above-stick-meta":"","header-main-stick-meta":"","header-below-stick-meta":"","footnotes":""},"_links":{"self":[{"href":"https:\/\/validmuistihoito.fi\/index.php?rest_route=\/wp\/v2\/pages\/33"}],"collection":[{"href":"https:\/\/validmuistihoito.fi\/index.php?rest_route=\/wp\/v2\/pages"}],"about":[{"href":"https:\/\/validmuistihoito.fi\/index.php?rest_route=\/wp\/v2\/types\/page"}],"author":[{"embeddable":true,"href":"https:\/\/validmuistihoito.fi\/index.php?rest_route=\/wp\/v2\/users\/1"}],"replies":[{"embeddable":true,"href":"https:\/\/validmuistihoito.fi\/index.php?rest_route=%2Fwp%2Fv2%2Fcomments&post=33"}],"version-history":[{"count":5,"href":"https:\/\/validmuistihoito.fi\/index.php?rest_route=\/wp\/v2\/pages\/33\/revisions"}],"predecessor-version":[{"id":401,"href":"https:\/\/validmuistihoito.fi\/index.php?rest_route=\/wp\/v2\/pages\/33\/revisions\/401"}],"wp:featuredmedia":[{"embeddable":true,"href":"https:\/\/validmuistihoito.fi\/index.php?rest_route=\/wp\/v2\/media\/134"}],"wp:attachment":[{"href":"https:\/\/validmuistihoito.fi\/index.php?rest_route=%2Fwp%2Fv2%2Fmedia&parent=33"}],"curies":[{"name":"wp","href":"https:\/\/api.w.org\/{rel}","templated":true}]}}